 common factor of 1708 and 52521?
427
Calculate the greatest common factor of 637534 and 2312.
578
What is the highest common divisor of 3150 and 11250?
450
What is the highest common factor of 45332 and 100?
4
What is the highest common divisor of 24 and 176973?
3
Calculate the greatest common factor of 301796 and 1140.
76
What is the greatest common factor of 58620 and 420?
60
Calculate the greatest common divisor of 701648 and 24.
8
What is the highest common factor of 18 and 734?
2
Calculate the highest common factor of 8395 and 1840.
115
What is the greatest common factor of 76160 and 51?
17
Calculate the greatest common divisor of 52997 and 469.
469
What is the greatest common divisor of 142 and 3361282?
142
What is the greatest common factor of 18857790 and 111?
111
Calculate the greatest common divisor of 52686 and 27.
9
Calculate the greatest common factor of 1672 and 4268.
44
What is the highest common divisor of 132972 and 420?
84
Calculate the highest common divisor of 91113 and 6171.
363
What is the highest common divisor of 9408 and 9344?
64
Calculate the highest common divisor of 1130 and 6730.
10
Calculate the greatest common factor of 680 and 153.
17
What is the greatest common factor of 320200 and 400?
200
What is the greatest common factor of 24992 and 44264?
88
Calculate the greatest common factor of 1837 and 34705.
11
What is the highest common divisor of 43359 and 149?
149
What is the greatest common factor of 2796270 and 19920?
2490
What is the greatest common divisor of 850017 and 1071?
357
What is the greatest common divisor of 533 and 3326453?
533
What is the greatest common factor of 322 and 18634?
14
What is the greatest common divisor of 2709945 and 35?
35
Calculate the highest common factor of 1845544 and 40.
8
Calculate the highest common divisor of 246047 and 31.
31
Calculate the highest common divisor of 6258 and 609.
21
Calculate the highest common divisor of 1524 and 283972.
508
What is the greatest common divisor of 920 and 569020?
460
What is the greatest common divisor of 665 and 7560?
35
Calculate the highest common divisor of 2490709 and 13.
13
What is the greatest common divisor of 6756912 and 18?
18
What is the greatest common divisor of 7423 and 512758?
571
What is the highest common factor of 1120 and 656?
16
Calculate the highest common factor of 144568 and 136.
136
Calculate the greatest common divisor of 351070 and 10.
10
Calculate the highest common divisor of 1954261 and 872.
109
Calculate the highest common divisor of 5643757 and 623.
623
What is the highest common factor of 10783 and 130974?
263
Calculate the greatest common divisor of 776 and 22601.
97
Calculate the highest common factor of 16 and 100.
4
What is the greatest common factor of 421668 and 106?
106
Calculate the highest common factor of 22197 and 147.
147
Calculate the greatest common divisor of 124986 and 138.
6
Calculate the greatest common divisor of 105552 and 144.
144
What is the greatest common divisor of 2520 and 1200?
120
Calculate the highest common divisor of 1150 and 529.
23
What is the greatest common factor of 1856 and 15312?
464
Calculate the highest common divisor of 33880 and 165.
55
What is the highest common factor of 136906 and 1143?
127
What is the highest common divisor of 11 and 2391730?
11
Calculate the highest common factor of 10 and 3778.
2
What is the highest common factor of 213 and 83141?
71
What is the greatest common divisor of 374 and 206118?
22
What is the highest common divisor of 108 and 1972?
4
What is the greatest common divisor of 287 and 81221?
287
What is the highest common divisor of 69368 and 368?
184
Calculate the greatest common factor of 61616 and 496.
16
Calculate the greatest common divisor of 594660 and 85.
85
What is the highest common divisor of 16281 and 490239?
1809
Calculate the highest common factor of 2944 and 295136.
736
Calculate the highest common divisor of 168 and 2904.
24
What is the greatest common factor of 902 and 12792?
82
What is the highest common factor of 40455 and 360?
45
Calculate the highest common factor of 10 and 658660.
10
What is the greatest common factor of 1586 and 71614?
122
What is the greatest common divisor of 242128 and 111?
37
What is the highest common divisor of 16524 and 675?
27
What is the greatest common divisor of 790 and 5930?
10
Calculate the greatest common factor of 77 and 3410.
11
What is the highest common divisor of 3082 and 2438?
46
Calculate the highest common divisor of 24 and 3686532.
12
What is the greatest common divisor of 170 and 192695?
85
What is the highest common factor of 658 and 26038?
94
What is the highest common factor of 86583 and 171?
57
Calculate the greatest common factor of 26033 and 14.
7
Calculate the greatest common divisor of 703767 and 3.
3
Calculate the highest common divisor of 882 and 8771.
49
What is the greatest common divisor of 2028 and 682929?
507
Calculate the highest common factor of 96 and 10.
2
Calculate the highest common factor of 24 and 14682.
6
Calculate the highest common factor of 16942 and 10836.
86
What is the greatest common divisor of 840 and 216006?
42
Calculate the highest common factor of 120 and 16480.
40
Calculate the highest common divisor of 358955 and 2575.
515
What is the highest common factor of 1109 and 26350949?
1109
What is the greatest common factor of 816 and 12960?
48
Calculate the greatest common factor of 1547 and 485303.
91
Calculate the highest common divisor of 1028 and 313026.
514
What is the greatest common divisor of 185427 and 198?
99
What is the greatest common divisor of 1824 and 117192?
456
Calculate the highest common factor of 21580 and 650.
130
Calculate the greatest common divisor of 4408 and 5452.
116
What is the greatest common factor of 110985 and 97395?
2265
Calculate the highest common divisor of 2479 and 6499.
67
Calculate the greatest common factor of 1606 and 550.
22
What is the greatest common factor of 59320 and 64?
8
What is the greatest common divisor of 119113 and 311?
311
Calculate the highest common factor of 26964 and 3816.
36
Calculate the greatest common divisor of 14351251 and 19.
19
Calculate the greatest common factor of 73440 and 136.
136
What is the greatest common factor of 149382 and 6192?
774
Calculate the highest common divisor of 117 and 2951.
13
What is the greatest common divisor of 37408 and 1837?
167
Calculate the greatest common factor of 403 and 28613.
403
Calculate the greatest common factor of 3638 and 544.
34
Calculate the highest common factor of 24426 and 885.
177
Calculate the highest common factor of 102 and 5131586.
34
What is the greatest common divisor of 64 and 696168?
8
Calculate the greatest common factor of 1665 and 3960.
45
Calculate the greatest common factor of 171 and 143469.
171
What is the greatest common factor of 5151759 and 477?
159
What is the highest common factor of 24341 and 1010?
101
Calculate the greatest common factor of 485 and 4335900.
485
What is the highest common divisor of 11800 and 27700?
100
Calculate the highest common divisor of 1702488 and 12.
12
What is the highest common divisor of 213724 and 1904?
476
What is the highest common divisor of 50 and 137575?
25
What is the highest common divisor of 960 and 942?
6
Calculate the highest common divisor of 70798 and 364.
182
Calculate the greatest common divisor of 4050 and 52938.
18
What is the greatest common factor of 1462255 and 40?
5
What is the highest common divisor of 1196 and 2514590?
598
What is the greatest common factor of 432 and 3001428?
108
What is the greatest common factor of 6758 and 992?
62
Calculate the greatest common divisor of 25956 and 342372.
1236
Calculate the highest common divisor of 34951 and 35.
7
What is the highest common divisor of 116853 and 33?
33
What is the highest common factor of 5188 and 44?
4
What is the greatest common divisor of 14746 and 1387?
73
What is the highest common divisor of 41534 and 722?
38
Calculate the highest common factor of 7010 and 4.
2
Calculate the highest common factor of 2352 and 3675.
147
What is the highest common factor of 2127 and 18?
3
Calculate the greatest common divisor of 26123966 and 22.
22
What is the greatest common factor of 50499 and 76563?
1629
Calculate